{"id":27,"date":"2026-02-24T07:57:38","date_gmt":"2026-02-24T07:57:38","guid":{"rendered":"https:\/\/domingocaceres.es\/alumno07\/?page_id=27"},"modified":"2026-02-24T07:57:39","modified_gmt":"2026-02-24T07:57:39","slug":"novedades","status":"publish","type":"page","link":"https:\/\/domingocaceres.es\/alumno07\/novedades\/","title":{"rendered":"\u00a1NOVEDADES!"},"content":{"rendered":"\n<!--nextpage-->\n\n\n\n<p class=\"has-text-align-center is-style-text-subtitle has-contrast-color has-accent-5-background-color has-text-color has-background has-link-color has-x-large-font-size wp-elements-03412a8e2e0df1448224b8f1edbdaa89\">\u00a1<strong>Aqu\u00ed presentamos las primeras novedades de Diciembre!<\/strong><\/p>\n\n\n\n<hr class=\"wp-block-separator has-alpha-channel-opacity\"\/>\n\n\n\n<div class=\"wp-block-media-text is-stacked-on-mobile\" style=\"grid-template-columns:51% auto\"><figure class=\"wp-block-media-text__media\"><img loading=\"lazy\" decoding=\"async\" width=\"374\" height=\"512\" src=\"https:\/\/domingocaceres.es\/alumno07\/wp-content\/uploads\/2025\/11\/IMG_6194.jpeg\" alt=\"\" class=\"wp-image-28 size-full\" srcset=\"https:\/\/domingocaceres.es\/alumno07\/wp-content\/uploads\/2025\/11\/IMG_6194.jpeg 374w, https:\/\/domingocaceres.es\/alumno07\/wp-content\/uploads\/2025\/11\/IMG_6194-219x300.jpeg 219w\" sizes=\"auto, (max-width: 374px) 100vw, 374px\" \/><\/figure><div class=\"wp-block-media-text__content\">\n<p>Leopard Pink es una de nuestras \u00faltimas novedades, con una textura  rugosa, es dura y protege mil veces m\u00e1s que una simple.<\/p>\n<\/div><\/div>\n\n\n\n<hr class=\"wp-block-separator has-alpha-channel-opacity\"\/>\n\n\n\n<div class=\"wp-block-media-text is-stacked-on-mobile\"><figure class=\"wp-block-media-text__media\"><img loading=\"lazy\" decoding=\"async\" width=\"374\" height=\"512\" src=\"https:\/\/domingocaceres.es\/alumno07\/wp-content\/uploads\/2025\/11\/IMG_6199.jpeg\" alt=\"\" class=\"wp-image-32 size-full\" srcset=\"https:\/\/domingocaceres.es\/alumno07\/wp-content\/uploads\/2025\/11\/IMG_6199.jpeg 374w, https:\/\/domingocaceres.es\/alumno07\/wp-content\/uploads\/2025\/11\/IMG_6199-219x300.jpeg 219w\" sizes=\"auto, (max-width: 374px) 100vw, 374px\" \/><\/figure><div class=\"wp-block-media-text__content\">\n<p>Dark Pumpi no ofrece solo calidad, tambi\u00e9n sostenibilidad, est\u00e1 creada a base de bamb\u00fa y materiales reciclados como madera, pl\u00e1stico&#8230;<\/p>\n<\/div><\/div>\n\n\n\n<hr class=\"wp-block-separator has-alpha-channel-opacity\"\/>\n\n\n\n<div class=\"wp-block-media-text is-stacked-on-mobile\"><figure class=\"wp-block-media-text__media\"><img loading=\"lazy\" decoding=\"async\" width=\"321\" height=\"407\" src=\"https:\/\/domingocaceres.es\/alumno07\/wp-content\/uploads\/2025\/12\/Captura_de_pantalla_2025-12-02_094505-removebg-preview.png\" alt=\"\" class=\"wp-image-50 size-full\" srcset=\"https:\/\/domingocaceres.es\/alumno07\/wp-content\/uploads\/2025\/12\/Captura_de_pantalla_2025-12-02_094505-removebg-preview.png 321w, https:\/\/domingocaceres.es\/alumno07\/wp-content\/uploads\/2025\/12\/Captura_de_pantalla_2025-12-02_094505-removebg-preview-237x300.png 237w\" sizes=\"auto, (max-width: 321px) 100vw, 321px\" \/><\/figure><div class=\"wp-block-media-text__content\">\n<p>Happy Rabbie est\u00e1 fabricada con silicona y gel resistente que absorbe los golpes y ara\u00f1azos, adem\u00e1s, incluye un charm a juego, \u00a1Para que lo luzcas!<\/p>\n<\/div><\/div>\n\n\n\n<hr class=\"wp-block-separator has-alpha-channel-opacity\"\/>\n\n\n\n<div class=\"wp-block-media-text is-stacked-on-mobile\"><figure class=\"wp-block-media-text__media\"><img loading=\"lazy\" decoding=\"async\" width=\"724\" height=\"1024\" src=\"https:\/\/domingocaceres.es\/alumno07\/wp-content\/uploads\/2026\/02\/Cartel-Escanea-Codigo-QR-Descuento-Natural-Verde-724x1024.png\" alt=\"\" class=\"wp-image-476 size-full\" srcset=\"https:\/\/domingocaceres.es\/alumno07\/wp-content\/uploads\/2026\/02\/Cartel-Escanea-Codigo-QR-Descuento-Natural-Verde-724x1024.png 724w, https:\/\/domingocaceres.es\/alumno07\/wp-content\/uploads\/2026\/02\/Cartel-Escanea-Codigo-QR-Descuento-Natural-Verde-212x300.png 212w, https:\/\/domingocaceres.es\/alumno07\/wp-content\/uploads\/2026\/02\/Cartel-Escanea-Codigo-QR-Descuento-Natural-Verde-768x1086.png 768w, https:\/\/domingocaceres.es\/alumno07\/wp-content\/uploads\/2026\/02\/Cartel-Escanea-Codigo-QR-Descuento-Natural-Verde-1086x1536.png 1086w, https:\/\/domingocaceres.es\/alumno07\/wp-content\/uploads\/2026\/02\/Cartel-Escanea-Codigo-QR-Descuento-Natural-Verde-600x849.png 600w, https:\/\/domingocaceres.es\/alumno07\/wp-content\/uploads\/2026\/02\/Cartel-Escanea-Codigo-QR-Descuento-Natural-Verde.png 1414w\" sizes=\"auto, (max-width: 724px) 100vw, 724px\" \/><\/figure><div class=\"wp-block-media-text__content\">\n<p>\u00a1Escanea y disfruta de tus compras mas deseadas!<\/p>\n<\/div><\/div>\n","protected":false},"excerpt":{"rendered":"<p>\u00a1Aqu\u00ed presentamos las primeras novedades de Diciembre! Leopard Pink es una de nuestras \u00faltimas novedades, con una textura rugosa, es dura y protege mil veces m\u00e1s que una simple. Dark Pumpi no ofrece solo calidad, tambi\u00e9n sostenibilidad, est\u00e1 creada a base de bamb\u00fa y materiales reciclados como madera, pl\u00e1stico&#8230; Happy Rabbie est\u00e1 fabricada con silicona<\/p>\n<div class=\"more-link\">\n             <a href=\"https:\/\/domingocaceres.es\/alumno07\/novedades\/\" class=\"link-btn\"><span>Seguir leyendo <\/span><i class=\"icofont-thin-double-right\"><\/i><\/a>\n        <\/div>\n","protected":false},"author":1,"featured_media":0,"parent":0,"menu_order":0,"comment_status":"closed","ping_status":"closed","template":"","meta":{"footnotes":""},"class_list":["post-27","page","type-page","status-publish","hentry"],"_hostinger_reach_plugin_has_subscription_block":false,"_hostinger_reach_plugin_is_elementor":false,"_links":{"self":[{"href":"https:\/\/domingocaceres.es\/alumno07\/wp-json\/wp\/v2\/pages\/27","targetHints":{"allow":["GET"]}}],"collection":[{"href":"https:\/\/domingocaceres.es\/alumno07\/wp-json\/wp\/v2\/pages"}],"about":[{"href":"https:\/\/domingocaceres.es\/alumno07\/wp-json\/wp\/v2\/types\/page"}],"author":[{"embeddable":true,"href":"https:\/\/domingocaceres.es\/alumno07\/wp-json\/wp\/v2\/users\/1"}],"replies":[{"embeddable":true,"href":"https:\/\/domingocaceres.es\/alumno07\/wp-json\/wp\/v2\/comments?post=27"}],"version-history":[{"count":5,"href":"https:\/\/domingocaceres.es\/alumno07\/wp-json\/wp\/v2\/pages\/27\/revisions"}],"predecessor-version":[{"id":477,"href":"https:\/\/domingocaceres.es\/alumno07\/wp-json\/wp\/v2\/pages\/27\/revisions\/477"}],"wp:attachment":[{"href":"https:\/\/domingocaceres.es\/alumno07\/wp-json\/wp\/v2\/media?parent=27"}],"curies":[{"name":"wp","href":"https:\/\/api.w.org\/{rel}","templated":true}]}}