{"id":387,"date":"2026-02-10T09:10:58","date_gmt":"2026-02-10T09:10:58","guid":{"rendered":"https:\/\/domingocaceres.es\/alumno07\/?page_id=387"},"modified":"2026-02-15T10:15:03","modified_gmt":"2026-02-15T10:15:03","slug":"politica-de-privacidad-espana","status":"publish","type":"page","link":"https:\/\/domingocaceres.es\/alumno07\/politica-de-privacidad-espana\/","title":{"rendered":"Pol\u00edtica de privacidad &#8211; Espa\u00f1a"},"content":{"rendered":"\n<p><strong>\u00bfQui\u00e9n es el responsable del tratamiento de sus datos?<\/strong><\/p>\n\n\n\n<p>EEEl responsable del tratamiento de sus datos personales es CARCAMOVIL, S.L., (en adelante, \u201cCASENOVA\u201d), con N.I.F B11122233 y domicilio social en Pol\u00edgono del Nevero El Pocito, Pac. Z3, 10400, Badajoz, Espa\u00f1a.<\/p>\n\n\n\n<p>La presente Pol\u00edtica de Privacidad regula el acceso y el uso a el Sitio Web (en adelante, la \u00abSitio Web\u00bb) que CASENOVA pone a disposici\u00f3n de los usuarios de Internet (en adelante, los \u00abUsuarios\u00bb) interesados en los contenidos (en adelante, los \u00abContenidos\u00bb) y los Productos (en adelante, los \u00abProductos\u00bb) ofertados por CASENOVA en el mismo.<\/p>\n\n\n\n<p>Correo electr\u00f3nico de contacto:@Casenova.es y tel\u00e9fono de contacto: 927587296.<\/p>\n\n\n\n<p>Tambi\u00e9n puede ponerse en contacto con nuestro Delegado de Protecci\u00f3n de Datos:<\/p>\n\n\n\n<p>Nombre: Claudia Oreja Ferrera<\/p>\n\n\n\n<p>Correo electr\u00f3nico de contacto: mcroco@datashp.com<\/p>\n\n\n\n<p>Tel\u00e9fono de contacto: 682 82 02 79<\/p>\n\n\n\n<h2 class=\"wp-block-heading\">Recomendaciones<\/h2>\n\n\n\n<p>Por favor, lea atentamente y siga las siguientes recomendaciones:<\/p>\n\n\n\n<ul class=\"wp-block-list\">\n<li>Mantenga su equipo equipado con software antivirus debidamente actualizado contra software malicioso y aplicaciones de spyware que puedan poner en peligro su navegaci\u00f3n por Internet y la informaci\u00f3n alojada en su equipo.<\/li>\n\n\n\n<li>Lea y revise esta Pol\u00edtica de Privacidad y todos los textos legales puestos a disposici\u00f3n por CASENOVA en el Sitio Web.<\/li>\n<\/ul>\n\n\n\n<h2 class=\"wp-block-heading\">Informaci\u00f3n sobre los datos que CASENOVA recopila a trav\u00e9s del Sitio Web<\/h2>\n\n\n\n<p>Para el correcto funcionamiento del Sitio Web, CASENOVA puede tener acceso a los siguientes datos facilitados, en su caso, por parte de Usuario:<\/p>\n\n\n\n<ul class=\"wp-block-list\">\n<li>Datos de identificaci\u00f3n: nombre, apellidos, DNI, domicilio o direcci\u00f3n de facturaci\u00f3n.<\/li>\n\n\n\n<li>Datos de contacto: email, tel\u00e9fono.<\/li>\n\n\n\n<li>Datos Bancarios: Datos relativos a Tarjeta de Cr\u00e9dito o D\u00e9bito.<\/li>\n<\/ul>\n\n\n\n<h2 class=\"wp-block-heading\">\u00bfPor qu\u00e9 CASENOVA est\u00e1 legitimada para procesar sus datos?<\/h2>\n\n\n\n<p>La base de legitimaci\u00f3n de CASENOVA para el tratamiento de los datos de los Usuarios a trav\u00e9s del Sitio Web es la ejecuci\u00f3n de un contrato en el que el interesado es parte o la aplicaci\u00f3n a petici\u00f3n de \u00e9ste de medidas precontractuales.<\/p>\n\n\n\n<p>Aceptando la presente Pol\u00edtica de Privacidad y marcando las casillas correspondientes, el Usuario presta su consentimiento a dicho tratamiento.<\/p>\n\n\n\n<p>CASENOVA se toma muy en serio la protecci\u00f3n de su privacidad y sus datos personales. Por esta raz\u00f3n, sus datos personales se conservan de forma segura y se tratan con el m\u00e1ximo cuidado, de conformidad con las disposiciones del Reglamento (UE) 2016\/679 del Parlamento Europeo y del Consejo, de 27 de abril de 2016, relativo a la protecci\u00f3n de las personas f\u00edsicas en lo que respecta al tratamiento de datos personales y a la libre circulaci\u00f3n de estos datos (el \u201cReglamento general de protecci\u00f3n de datos\u201d o \u201cReglamento de protecci\u00f3n de datos\u201d o \u201cRGPD\u201d).<\/p>\n\n\n\n<p>La presente Pol\u00edtica de Privacidad regula el acceso y el uso del servicio que CASENOVA pone a disposici\u00f3n del Usuario interesado en los servicios y contenidos alojados en el Sitio Web.<\/p>\n\n\n\n<p>Por lo que respecta a este punto, el Usuario podr\u00e1 retirar su consentimiento en cualquier momento mandando un mensaje a la siguiente direcci\u00f3n de correo electr\u00f3nico: @casenova.es sin que ello afecte a la licitud del tratamiento basado en el consentimiento previo a su retirada.<\/p>\n\n\n\n<h2 class=\"wp-block-heading\">\u00bfCu\u00e1les son las finalidades del tratamiento de sus datos personales?<\/h2>\n\n\n\n<p>Sus datos de car\u00e1cter personal recabados por CASENOVA podr\u00e1n ser utilizados para las siguientes finalidades, seg\u00fan el consentimiento otorgado en el apartado correspondiente:<\/p>\n\n\n\n<ul class=\"wp-block-list\">\n<li>Facilitar la Compra del Producto y\/o Servicio ofertado a trav\u00e9s del Sitio Web.<\/li>\n\n\n\n<li>Gestionar, tramitar y dar respuesta a peticiones, solicitudes, incidencias o consultas del Usuario.<\/li>\n\n\n\n<li>Recibir por tel\u00e9fono, correo electr\u00f3nico, SMS\/MMS, o por otros medios de comunicaci\u00f3n electr\u00f3nica equivalentes, comunicaciones comerciales o informaci\u00f3n sobre Productos y servicios de CASENOVA<\/li>\n<\/ul>\n\n\n\n<h2 class=\"wp-block-heading\">Veracidad de los datos facilitados por los Usuarios<\/h2>\n\n\n\n<p>El Usuario garantiza la veracidad de los datos personales facilitados y se compromete a comunicar a CASENOVA cualquier modificaci\u00f3n de los mismos. El Usuario responder\u00e1, en cualquier caso, de la veracidad de los datos facilitados, reserv\u00e1ndose CASENOVA <\/p>\n\n\n\n<p>el derecho a excluir de los servicios a todo Usuario que haya facilitado datos falsos, sin perjuicio de las dem\u00e1s acciones que procedan en Derecho.<\/p>\n\n\n\n<p>Se recomienda que los Usuarios protejan sus datos con la m\u00e1xima diligencia utilizando las herramientas de seguridad adecuadas. CASENOVA no ser\u00e1 responsable de ning\u00fan robo, modificaci\u00f3n ilegal o p\u00e9rdida de datos.<\/p>\n\n\n\n<p>Cualquier modificaci\u00f3n o actualizaci\u00f3n de los datos deber\u00e1 ser comunicado CASENOVA a trav\u00e9s de los medios de comunicaci\u00f3n previstos en la presente Pol\u00edtica de Privacidad.<\/p>\n\n\n\n<h2 class=\"wp-block-heading\">Conservaci\u00f3n de datos<\/h2>\n\n\n\n<p>La protecci\u00f3n de la privacidad y de los datos personales de los Usuarios es muy importante para CASENOVA. Por lo tanto, CASENOVA hace todo lo posible para evitar que los datos del Usuario sean utilizados de manera inadecuada. S\u00f3lo el personal autorizado tiene acceso a los datos del Usuario.<\/p>\n\n\n\n<p>Los datos personales del Usuario se conservar\u00e1n mientras permanezcan los mismos en la base de datos de CASENOVA para los fines del tratamiento para los que han sido facilitados, siempre que el Usuario no haya revocado su consentimiento, solicitando la eliminaci\u00f3n de su cuenta o el borrado de determinados datos personales del Sitio Web.<\/p>\n\n\n\n<p>Posteriormente, en caso de ser CASENOVA mantendr\u00e1 la informaci\u00f3n bloqueada los plazos legalmente establecidos.<\/p>\n\n\n\n<p>CASENOVA se compromete al cumplimiento de su obligaci\u00f3n de secreto y confidencialidad de los datos de car\u00e1cter personal conforme a lo dispuesto en la legislaci\u00f3n aplicable.<\/p>\n\n\n\n<h2 class=\"wp-block-heading\">Derechos de los usuarios<\/h2>\n\n\n\n<p>Los usuarios tienen derecho a:<\/p>\n\n\n\n<ul class=\"wp-block-list\">\n<li>Acceder a sus datos personales;<\/li>\n\n\n\n<li>Solicitar la rectificaci\u00f3n de cualquier dato inexacto;<\/li>\n\n\n\n<li>Solicitar la supresi\u00f3n de sus datos;<\/li>\n\n\n\n<li>Solicitar que se limite el tratamiento de sus datos;<\/li>\n\n\n\n<li>Oponerse al tratamiento de sus datos;<\/li>\n\n\n\n<li>Solicitar la portabilidad de sus datos.<\/li>\n\n\n\n<li>Asimismo, los Usuarios tendr\u00e1n derecho a no ser objeto de decisiones basadas \u00fanicamente en el tratamiento automatizado de datos.<\/li>\n<\/ul>\n\n\n\n<p>El Usuario puede ejercer todos estos derechos en la siguiente direcci\u00f3n de correo electr\u00f3nico: lopd@casenova.es indicando el motivo de su petici\u00f3n.<\/p>\n\n\n\n<p>El Usuario puede tambi\u00e9n enviar su petici\u00f3n por correo ordinario a la siguiente direcci\u00f3n:<\/p>\n\n\n\n<p>Pol\u00edgono Industrial El Pocito, Pac. Z3,06, 06011, Badajoz.<\/p>\n\n\n\n<p>Badajoz, Espa\u00f1a<\/p>\n\n\n\n<p>La comunicaci\u00f3n dirigida a CASENOVA deber\u00e1 contener la siguiente informaci\u00f3n:<\/p>\n\n\n\n<ul class=\"wp-block-list\">\n<li>Nombre y apellidos del Usuario;<\/li>\n\n\n\n<li>Petici\u00f3n en que se concreta la solicitud.<\/li>\n<\/ul>\n\n\n\n<p>Sin perjuicio de cualquier otro recurso administrativo o acci\u00f3n judicial, el Usuario tendr\u00e1 derecho a presentar una reclamaci\u00f3n ante una Autoridad de Control, en particular en el Estado miembro en el que tenga su residencia habitual, lugar de trabajo o lugar de la supuesta infracci\u00f3n, en caso de que considere que el tratamiento de sus datos personales no es adecuado a la normativa, as\u00ed como en el caso de no ver satisfecho el ejercicio de sus derechos. La autoridad de control ante la que se haya presentado la reclamaci\u00f3n informar\u00e1 al reclamante sobre el curso y el resultado de la reclamaci\u00f3n.<\/p>\n\n\n\n<h2 class=\"wp-block-heading\">Seguridad de datos<\/h2>\n\n\n\n<p>La protecci\u00f3n de la privacidad y de los datos personales de los Usuarios es muy importante para CASENOVA. Por ello, CASENOVA ha tomado todas las medidas a su alcance para evitar que sus datos sean utilizados de forma indebida, permitiendo el acceso a los mismos \u00fanicamente al personal autorizado.<\/p>\n\n\n\n<p>CASENOVA mantiene la seguridad adecuada para la protecci\u00f3n de los datos personales de acuerdo con la legislaci\u00f3n aplicable y ha establecido todos los medios t\u00e9cnicos a su alcance para evitar la p\u00e9rdida, mal uso, alteraci\u00f3n, acceso no autorizado y robo de los datos facilitados por el Usuario a trav\u00e9s del Sitio Web, sin perjuicio de informarle de que las medidas de seguridad en Internet no son inexpugnables.<\/p>\n\n\n\n<p>CASENOVA se compromete a cumplir con el deber de secreto y confidencialidad respecto a los datos de car\u00e1cter personal de acuerdo con la legislaci\u00f3n aplicable.<\/p>\n\n\n\n<p>CASENOVA no ser\u00e1 responsable de los da\u00f1os y perjuicios que pudieran derivarse del incumplimiento de esta obligaci\u00f3n por parte del Usuario.<\/p>\n\n\n\n<h2 class=\"wp-block-heading\">Transferencias y\/o cesiones a terceros<\/h2>\n\n\n\n<p>Se informa al Usuario de que sus datos de car\u00e1cter personal podr\u00e1n ser cedidos a terceras empresas o entidades para cualquier uso que sirva para cumplir correctamente con las finalidades del tratamiento de datos de car\u00e1cter personal recogidas en el punto 5 de esta Pol\u00edtica de Privacidad. En concreto, a los prestadores de servicio de log\u00edstica y transporte para el env\u00edo de su compra.<\/p>\n\n\n\n<h2 class=\"wp-block-heading\">Preguntas<\/h2>\n\n\n\n<p>Si tiene alguna duda sobre nuestra Pol\u00edtica de Privacidad, p\u00f3ngase en contacto con nosotros enviando un correo electr\u00f3nico a @casenova.es o al correo electr\u00f3nico del DPO @casenova.es . Asimismo, si considera que sus derechos no est\u00e1n debidamente salvaguardados, tiene derecho a presentar una reclamaci\u00f3n ante la Agencia Espa\u00f1ola de Protecci\u00f3n de Datos, cuyos datos de contacto son: tel\u00e9fonos 900 894 527; direcci\u00f3n postal C\/Menacho 6, 06011 Badajoz; oficina electr\u00f3nica <a href=\"http:\/\/www.casenova.es\" data-type=\"link\" data-id=\"www.casenova.es\">www.casenova.es<\/a><\/p>\n\n\n\n<h2 class=\"wp-block-heading\">Aceptaci\u00f3n y Consentimiento<\/h2>\n\n\n\n<p>El Usuario declara haber sido informado de las condiciones sobre protecci\u00f3n de datos personales, aceptando y consintiendo el tratamiento de los mismos por parte de CASENOVA, en la forma y para las finalidades indicadas en la presente Pol\u00edtica de Privacidad.<\/p>\n\n\n\n<p><\/p>\n","protected":false},"excerpt":{"rendered":"<p>\u00bfQui\u00e9n es el responsable del tratamiento de sus datos? EEEl responsable del tratamiento de sus datos personales es CARCAMOVIL, S.L., (en adelante, \u201cCASENOVA\u201d), con N.I.F B11122233 y domicilio social en Pol\u00edgono del Nevero El Pocito, Pac. Z3, 10400, Badajoz, Espa\u00f1a. La presente Pol\u00edtica de Privacidad regula el acceso y el uso a el Sitio Web<\/p>\n<div class=\"more-link\">\n             <a href=\"https:\/\/domingocaceres.es\/alumno07\/politica-de-privacidad-espana\/\" class=\"link-btn\"><span>Seguir leyendo <\/span><i class=\"icofont-thin-double-right\"><\/i><\/a>\n        <\/div>\n","protected":false},"author":1,"featured_media":0,"parent":0,"menu_order":0,"comment_status":"closed","ping_status":"closed","template":"","meta":{"footnotes":""},"class_list":["post-387","page","type-page","status-publish","hentry"],"_hostinger_reach_plugin_has_subscription_block":false,"_hostinger_reach_plugin_is_elementor":false,"_links":{"self":[{"href":"https:\/\/domingocaceres.es\/alumno07\/wp-json\/wp\/v2\/pages\/387","targetHints":{"allow":["GET"]}}],"collection":[{"href":"https:\/\/domingocaceres.es\/alumno07\/wp-json\/wp\/v2\/pages"}],"about":[{"href":"https:\/\/domingocaceres.es\/alumno07\/wp-json\/wp\/v2\/types\/page"}],"author":[{"embeddable":true,"href":"https:\/\/domingocaceres.es\/alumno07\/wp-json\/wp\/v2\/users\/1"}],"replies":[{"embeddable":true,"href":"https:\/\/domingocaceres.es\/alumno07\/wp-json\/wp\/v2\/comments?post=387"}],"version-history":[{"count":4,"href":"https:\/\/domingocaceres.es\/alumno07\/wp-json\/wp\/v2\/pages\/387\/revisions"}],"predecessor-version":[{"id":456,"href":"https:\/\/domingocaceres.es\/alumno07\/wp-json\/wp\/v2\/pages\/387\/revisions\/456"}],"wp:attachment":[{"href":"https:\/\/domingocaceres.es\/alumno07\/wp-json\/wp\/v2\/media?parent=387"}],"curies":[{"name":"wp","href":"https:\/\/api.w.org\/{rel}","templated":true}]}}